{"id":265,"date":"2019-04-05T10:02:54","date_gmt":"2019-04-05T08:02:54","guid":{"rendered":"http:\/\/przedszkole.nowogrodbobrz.pl\/?page_id=265"},"modified":"2019-04-05T10:13:32","modified_gmt":"2019-04-05T08:13:32","slug":"priorytety","status":"publish","type":"page","link":"http:\/\/przedszkole.nowogrodbobrz.pl\/?page_id=265","title":{"rendered":"Priorytety"},"content":{"rendered":"\t\t<div data-elementor-type=\"wp-post\" data-elementor-id=\"265\" class=\"elementor elementor-265\">\n\t\t\t\t\t\t<section class=\"elementor-section elementor-top-section elementor-element elementor-element-1505342 elementor-section-boxed elementor-section-height-default elementor-section-height-default\" data-id=\"1505342\" data-element_type=\"section\" data-e-type=\"section\">\n\t\t\t\t\t\t<div class=\"elementor-container elementor-column-gap-default\">\n\t\t\t\t\t<div class=\"elementor-column elementor-col-100 elementor-top-column elementor-element elementor-element-5a6e0db\" data-id=\"5a6e0db\" data-element_type=\"column\" data-e-type=\"column\">\n\t\t\t<div class=\"elementor-widget-wrap elementor-element-populated\">\n\t\t\t\t\t\t<div class=\"elementor-element elementor-element-6aad78f elementor-widget elementor-widget-heading\" data-id=\"6aad78f\" data-element_type=\"widget\" data-e-type=\"widget\" data-widget_type=\"heading.default\">\n\t\t\t\t<div class=\"elementor-widget-container\">\n\t\t\t\t\t<h2 class=\"elementor-heading-title elementor-size-default\">PRIORYTETY DZIA\u0141ALNO\u015aCI PRZEDSZKOLA NA LATA 2018-2023<\/h2>\t\t\t\t<\/div>\n\t\t\t\t<\/div>\n\t\t\t\t\t<\/div>\n\t\t<\/div>\n\t\t\t\t\t<\/div>\n\t\t<\/section>\n\t\t\t\t<section class=\"elementor-section elementor-top-section elementor-element elementor-element-4972ccf elementor-section-boxed elementor-section-height-default elementor-section-height-default\" data-id=\"4972ccf\" data-element_type=\"section\" data-e-type=\"section\">\n\t\t\t\t\t\t<div class=\"elementor-container elementor-column-gap-default\">\n\t\t\t\t\t<div class=\"elementor-column elementor-col-100 elementor-top-column elementor-element elementor-element-78efdfb\" data-id=\"78efdfb\" data-element_type=\"column\" data-e-type=\"column\">\n\t\t\t<div class=\"elementor-widget-wrap elementor-element-populated\">\n\t\t\t\t\t\t<div class=\"elementor-element elementor-element-b68d60b elementor-widget elementor-widget-text-editor\" data-id=\"b68d60b\" data-element_type=\"widget\" data-e-type=\"widget\" data-widget_type=\"text-editor.default\">\n\t\t\t\t<div class=\"elementor-widget-container\">\n\t\t\t\t\t\t\t\t\t<p>Priorytety pracy Miejsko-Gminnego Przedszkola Samorz\u0105dowego w Nowogrodzie Bobrza\u0144skim w okresie kadencji 2019-2023 zwi\u0105zane b\u0119d\u0105 wprost z misj\u0105 i wizj\u0105 przedszkola. Zostan\u0105 dodatkowo skorelowane z oczekiwaniami rodzic\u00f3w oraz zosta\u0142y oparte na stanie wiedzy pedagogicznej i psychologicznej dotycz\u0105cej wspierania rozwoju dziecka w pierwszych latach \u017cycia.<\/p>\t\t\t\t\t\t\t\t<\/div>\n\t\t\t\t<\/div>\n\t\t\t\t\t<\/div>\n\t\t<\/div>\n\t\t\t\t\t<\/div>\n\t\t<\/section>\n\t\t\t\t<section class=\"elementor-section elementor-top-section elementor-element elementor-element-dd0b750 elementor-section-boxed elementor-section-height-default elementor-section-height-default\" data-id=\"dd0b750\" data-element_type=\"section\" data-e-type=\"section\">\n\t\t\t\t\t\t<div class=\"elementor-container elementor-column-gap-default\">\n\t\t\t\t\t<div class=\"elementor-column elementor-col-100 elementor-top-column elementor-element elementor-element-f85dedd\" data-id=\"f85dedd\" data-element_type=\"column\" data-e-type=\"column\">\n\t\t\t<div class=\"elementor-widget-wrap elementor-element-populated\">\n\t\t\t\t\t\t<div class=\"elementor-element elementor-element-a88fd58 elementor-widget elementor-widget-heading\" data-id=\"a88fd58\" data-element_type=\"widget\" data-e-type=\"widget\" data-widget_type=\"heading.default\">\n\t\t\t\t<div class=\"elementor-widget-container\">\n\t\t\t\t\t<h4 class=\"elementor-heading-title elementor-size-default\">Wielostronne wsparcie rozwoju dziecka, adekwatnie do indywidualnego potencja\u0142u poszczeg\u00f3lnych dzieci ucz\u0119szczaj\u0105cych do przedszkola<\/h4>\t\t\t\t<\/div>\n\t\t\t\t<\/div>\n\t\t\t\t\t<\/div>\n\t\t<\/div>\n\t\t\t\t\t<\/div>\n\t\t<\/section>\n\t\t\t\t<section class=\"elementor-section elementor-top-section elementor-element elementor-element-0e96207 elementor-section-boxed elementor-section-height-default elementor-section-height-default\" data-id=\"0e96207\" data-element_type=\"section\" data-e-type=\"section\">\n\t\t\t\t\t\t<div class=\"elementor-container elementor-column-gap-default\">\n\t\t\t\t\t<div class=\"elementor-column elementor-col-100 elementor-top-column elementor-element elementor-element-24ce6f4\" data-id=\"24ce6f4\" data-element_type=\"column\" data-e-type=\"column\">\n\t\t\t<div class=\"elementor-widget-wrap elementor-element-populated\">\n\t\t\t\t\t\t<div class=\"elementor-element elementor-element-517a136 elementor-widget elementor-widget-text-editor\" data-id=\"517a136\" data-element_type=\"widget\" data-e-type=\"widget\" data-widget_type=\"text-editor.default\">\n\t\t\t\t<div class=\"elementor-widget-container\">\n\t\t\t\t\t\t\t\t\t<p>Cele realizacji priorytetu:<\/p><ol><li>optymalny rozw\u00f3j dziecka zgodny z jego potencja\u0142em i potrzebami,<\/li><li>rozw\u00f3j tw\u00f3rczo\u015bci i zainteresowa\u0144 dzieci,<\/li><li>indywidualizacja procesu dydaktyczno-wychowawczego,<\/li><li>rozw\u00f3j kluczowych umiej\u0119tno\u015bci dziecka, w tym m. in.: umiej\u0119tno\u015bci komunikacji z innymi, funkcjonowania w grupie, radzenia sobie w sytuacjach trudnych, radzenia sobie z emocjami, radzenia sobie ze stresem itp.<\/li><li>przygotowywanie dzieci do skutecznego funkcjonowania na kolejnych etapach edukacji,<\/li><li>wprowadzenie dzieci w m\u0105dre, rozwijaj\u0105ce korzystanie z nowoczesnych technologii, w podstawy kodowania, programowania,<\/li><li>wykorzystywanie efektywnych, atrakcyjnych metod pracy zach\u0119caj\u0105cych dzieci do aktywno\u015bci i dynamizuj\u0105cych ich rozw\u00f3j.<\/li><\/ol>\t\t\t\t\t\t\t\t<\/div>\n\t\t\t\t<\/div>\n\t\t\t\t\t<\/div>\n\t\t<\/div>\n\t\t\t\t\t<\/div>\n\t\t<\/section>\n\t\t\t\t<section class=\"elementor-section elementor-top-section elementor-element elementor-element-516a311 elementor-section-boxed elementor-section-height-default elementor-section-height-default\" data-id=\"516a311\" data-element_type=\"section\" data-e-type=\"section\">\n\t\t\t\t\t\t<div class=\"elementor-container elementor-column-gap-default\">\n\t\t\t\t\t<div class=\"elementor-column elementor-col-100 elementor-top-column elementor-element elementor-element-bb230c1\" data-id=\"bb230c1\" data-element_type=\"column\" data-e-type=\"column\">\n\t\t\t<div class=\"elementor-widget-wrap elementor-element-populated\">\n\t\t\t\t\t\t<div class=\"elementor-element elementor-element-d5db533 elementor-widget elementor-widget-heading\" data-id=\"d5db533\" data-element_type=\"widget\" data-e-type=\"widget\" data-widget_type=\"heading.default\">\n\t\t\t\t<div class=\"elementor-widget-container\">\n\t\t\t\t\t<h4 class=\"elementor-heading-title elementor-size-default\">Przedszkole instytucj\u0105 zaanga\u017cowan\u0105 lokalnie. Rozwini\u0119cie wsp\u00f3\u0142pracy przedszkola z rodzicami i \u015brodowiskiem lokalnym, maj\u0105cej na celu wspieranie dzieci w ich wzro\u015bcie<\/h4>\t\t\t\t<\/div>\n\t\t\t\t<\/div>\n\t\t\t\t\t<\/div>\n\t\t<\/div>\n\t\t\t\t\t<\/div>\n\t\t<\/section>\n\t\t\t\t<section class=\"elementor-section elementor-top-section elementor-element elementor-element-391b990 elementor-section-boxed elementor-section-height-default elementor-section-height-default\" data-id=\"391b990\" data-element_type=\"section\" data-e-type=\"section\">\n\t\t\t\t\t\t<div class=\"elementor-container elementor-column-gap-default\">\n\t\t\t\t\t<div class=\"elementor-column elementor-col-100 elementor-top-column elementor-element elementor-element-5cda3ec\" data-id=\"5cda3ec\" data-element_type=\"column\" data-e-type=\"column\">\n\t\t\t<div class=\"elementor-widget-wrap elementor-element-populated\">\n\t\t\t\t\t\t<div class=\"elementor-element elementor-element-9d1afbe elementor-widget elementor-widget-text-editor\" data-id=\"9d1afbe\" data-element_type=\"widget\" data-e-type=\"widget\" data-widget_type=\"text-editor.default\">\n\t\t\t\t<div class=\"elementor-widget-container\">\n\t\t\t\t\t\t\t\t\t<p>Cele realizacji priorytetu:<\/p><ol><li>ws\u0142uchanie si\u0119 w oczekiwania i propozycje rodzic\u00f3w dotycz\u0105ce funkcjonowania przedszkola,<\/li><li>wspieranie rodzic\u00f3w w ich rolach \u2013 wychowawczych, opieku\u0144czych, poprzez dzia\u0142alno\u015b\u0107 konsultacyjno-warsztatowo-szkoleniow\u0105,<\/li><li>rozwini\u0119cie wsp\u00f3\u0142pracy z szerokim \u015brodowiskiem lokalnym,<\/li><li>promowanie przedszkola w \u015brodowisku, ukazywanie znaczenia edukacji przedszkolnej dla ca\u0142o\u017cyciowego funkcjonowania cz\u0142owieka,<\/li><li>otwarto\u015b\u0107 na inicjatywy spo\u0142eczno-edukacyjne pochodz\u0105ce ze \u015brodowiska zewn\u0119trznego sprzyjaj\u0105ce rozwojowi dzieci,<\/li><li>nawi\u0105zanie aktywnej wsp\u00f3\u0142pracy z instytucjami naukowymi, edukacyjnymi, kultury i sportu (o zasi\u0119gu lokalnym, wojew\u00f3dzkim), w przysz\u0142o\u015bci rozwijanie wsp\u00f3\u0142pracy o zasi\u0119gu krajowym i mi\u0119dzynarodowym (np. partnerskie przedszkola),<\/li><li>wspieranie lub organizacja imprez, wydarze\u0144 otwartych na spo\u0142eczno\u015b\u0107 lokaln\u0105.<\/li><\/ol>\t\t\t\t\t\t\t\t<\/div>\n\t\t\t\t<\/div>\n\t\t\t\t\t<\/div>\n\t\t<\/div>\n\t\t\t\t\t<\/div>\n\t\t<\/section>\n\t\t\t\t<section class=\"elementor-section elementor-top-section elementor-element elementor-element-517fe92 elementor-section-boxed elementor-section-height-default elementor-section-height-default\" data-id=\"517fe92\" data-element_type=\"section\" data-e-type=\"section\">\n\t\t\t\t\t\t<div class=\"elementor-container elementor-column-gap-default\">\n\t\t\t\t\t<div class=\"elementor-column elementor-col-100 elementor-top-column elementor-element elementor-element-b1931d7\" data-id=\"b1931d7\" data-element_type=\"column\" data-e-type=\"column\">\n\t\t\t<div class=\"elementor-widget-wrap elementor-element-populated\">\n\t\t\t\t\t\t<div class=\"elementor-element elementor-element-31a38be elementor-widget elementor-widget-heading\" data-id=\"31a38be\" data-element_type=\"widget\" data-e-type=\"widget\" data-widget_type=\"heading.default\">\n\t\t\t\t<div class=\"elementor-widget-container\">\n\t\t\t\t\t<h4 class=\"elementor-heading-title elementor-size-default\">Budowanie komunikacji, relacji w duchu szacunku, uwa\u017cno\u015bci i zaufania<\/h4>\t\t\t\t<\/div>\n\t\t\t\t<\/div>\n\t\t\t\t\t<\/div>\n\t\t<\/div>\n\t\t\t\t\t<\/div>\n\t\t<\/section>\n\t\t\t\t<section class=\"elementor-section elementor-top-section elementor-element elementor-element-4183774 elementor-section-boxed elementor-section-height-default elementor-section-height-default\" data-id=\"4183774\" data-element_type=\"section\" data-e-type=\"section\">\n\t\t\t\t\t\t<div class=\"elementor-container elementor-column-gap-default\">\n\t\t\t\t\t<div class=\"elementor-column elementor-col-100 elementor-top-column elementor-element elementor-element-de492c9\" data-id=\"de492c9\" data-element_type=\"column\" data-e-type=\"column\">\n\t\t\t<div class=\"elementor-widget-wrap elementor-element-populated\">\n\t\t\t\t\t\t<div class=\"elementor-element elementor-element-3ca8e63 elementor-widget elementor-widget-text-editor\" data-id=\"3ca8e63\" data-element_type=\"widget\" data-e-type=\"widget\" data-widget_type=\"text-editor.default\">\n\t\t\t\t<div class=\"elementor-widget-container\">\n\t\t\t\t\t\t\t\t\t<p>Cele realizacji priorytetu:<\/p><ol><li>przyk\u0142adanie du\u017cej uwagi do jako\u015bci budowanych relacji nauczycieli z dzie\u0107mi i ich rodzicami, kadry przedszkola mi\u0119dzy sob\u0105, dyrektora z kadr\u0105, rodzicami i dzie\u0107mi itd.,<\/li><li>uczenie dzieci komunikacji z innymi w duchu poszanowania, uwa\u017cno\u015bci, wzajemnego zrozumienia,<\/li><li>uczenie dzieci zawierania um\u00f3w z r\u00f3wie\u015bnikami jako regulatora zachowa\u0144 w sytuacjach spornych, trudnych,<\/li><li>organizacja warsztat\u00f3w dla dzieci, rodzic\u00f3w i nauczycieli na temat podmiotowej komunikacji.<\/li><\/ol>\t\t\t\t\t\t\t\t<\/div>\n\t\t\t\t<\/div>\n\t\t\t\t\t<\/div>\n\t\t<\/div>\n\t\t\t\t\t<\/div>\n\t\t<\/section>\n\t\t\t\t<section class=\"elementor-section elementor-top-section elementor-element elementor-element-86546a6 elementor-section-boxed elementor-section-height-default elementor-section-height-default\" data-id=\"86546a6\" data-element_type=\"section\" data-e-type=\"section\">\n\t\t\t\t\t\t<div class=\"elementor-container elementor-column-gap-default\">\n\t\t\t\t\t<div class=\"elementor-column elementor-col-100 elementor-top-column elementor-element elementor-element-7983d3f\" data-id=\"7983d3f\" data-element_type=\"column\" data-e-type=\"column\">\n\t\t\t<div class=\"elementor-widget-wrap elementor-element-populated\">\n\t\t\t\t\t\t<div class=\"elementor-element elementor-element-afa3f46 elementor-widget elementor-widget-heading\" data-id=\"afa3f46\" data-element_type=\"widget\" data-e-type=\"widget\" data-widget_type=\"heading.default\">\n\t\t\t\t<div class=\"elementor-widget-container\">\n\t\t\t\t\t<h4 class=\"elementor-heading-title elementor-size-default\">Zbudowanie aktywnego, zaanga\u017cowanego zespo\u0142u pracownik\u00f3w, by wsp\u00f3lnie dzia\u0142a\u0107 na rzecz rozwoju dzieci i jednocze\u015bnie zorganizowa\u0107 miejsce pracy sprzyjaj\u0105ce rozwojowi osobistemu i zawodowemu kadry<\/h4>\t\t\t\t<\/div>\n\t\t\t\t<\/div>\n\t\t\t\t\t<\/div>\n\t\t<\/div>\n\t\t\t\t\t<\/div>\n\t\t<\/section>\n\t\t\t\t<section class=\"elementor-section elementor-top-section elementor-element elementor-element-cae4687 elementor-section-boxed elementor-section-height-default elementor-section-height-default\" data-id=\"cae4687\" data-element_type=\"section\" data-e-type=\"section\">\n\t\t\t\t\t\t<div class=\"elementor-container elementor-column-gap-default\">\n\t\t\t\t\t<div class=\"elementor-column elementor-col-100 elementor-top-column elementor-element elementor-element-68bdb63\" data-id=\"68bdb63\" data-element_type=\"column\" data-e-type=\"column\">\n\t\t\t<div class=\"elementor-widget-wrap elementor-element-populated\">\n\t\t\t\t\t\t<div class=\"elementor-element elementor-element-623ab8d elementor-widget elementor-widget-text-editor\" data-id=\"623ab8d\" data-element_type=\"widget\" data-e-type=\"widget\" data-widget_type=\"text-editor.default\">\n\t\t\t\t<div class=\"elementor-widget-container\">\n\t\t\t\t\t\t\t\t\t<p>Cele realizacji priorytetu:<\/p><ol><li>opracowanie wewn\u0105trzprzedszkolnego systemu doskonalenia nauczycieli \u2013 szkolenia rady pedagogicznej, zapraszanie ekspert\u00f3w na posiedzenia rad pedagogicznych, prowadzenie autorskich szkole\u0144 przez dyrektora przedszkola,<\/li><li>zbudowanie atmosfery wsparcia i wydobycie potencja\u0142u nauczycieli, wykorzystanie ich zasob\u00f3w dla rozwoju pracy przedszkola,<\/li><li>wsparcie rozwoju zawodowego nauczycieli poprzez r\u00f3\u017cne dzia\u0142ania sprzyjaj\u0105ce doskonaleniu zawodowemu (wsparcie finansowe, merytoryczne, organizacyjne),<\/li><li>tworzenie mo\u017cliwo\u015bci rozwoju eksperckiego \/ profesjonalnego poprzez tworzenie mo\u017cliwo\u015bci dzielenia si\u0119 swoj\u0105 wiedz\u0105 \u2013 w\u0142\u0105czanie nauczycieli w dzia\u0142ania daj\u0105ce mo\u017cliwo\u015b\u0107 dzielenia si\u0119 swoj\u0105 wiedz\u0105 i do\u015bwiadczenie, przygotowywania publikacji metodycznych.<\/li><\/ol>\t\t\t\t\t\t\t\t<\/div>\n\t\t\t\t<\/div>\n\t\t\t\t\t<\/div>\n\t\t<\/div>\n\t\t\t\t\t<\/div>\n\t\t<\/section>\n\t\t\t\t<\/div>\n\t\t","protected":false},"excerpt":{"rendered":"<p>PRIORYTETY DZIA\u0141ALNO\u015aCI PRZEDSZKOLA NA LATA 2018-2023 Priorytety pracy Miejsko-Gminnego Przedszkola Samorz\u0105dowego w Nowogrodzie Bobrza\u0144skim w okresie kadencji 2019-2023 zwi\u0105zane b\u0119d\u0105 wprost z misj\u0105 i wizj\u0105 przedszkola. Zostan\u0105 dodatkowo skorelowane z oczekiwaniami rodzic\u00f3w oraz zosta\u0142y oparte na stanie wiedzy pedagogicznej i psychologicznej dotycz\u0105cej wspierania rozwoju dziecka w pierwszych latach \u017cycia. Wielostronne wsparcie rozwoju dziecka, adekwatnie do [&hellip;]<\/p>\n","protected":false},"author":1,"featured_media":0,"parent":0,"menu_order":0,"comment_status":"closed","ping_status":"closed","template":"","meta":{"footnotes":""},"class_list":["post-265","page","type-page","status-publish","hentry"],"_links":{"self":[{"href":"http:\/\/przedszkole.nowogrodbobrz.pl\/index.php?rest_route=\/wp\/v2\/pages\/265","targetHints":{"allow":["GET"]}}],"collection":[{"href":"http:\/\/przedszkole.nowogrodbobrz.pl\/index.php?rest_route=\/wp\/v2\/pages"}],"about":[{"href":"http:\/\/przedszkole.nowogrodbobrz.pl\/index.php?rest_route=\/wp\/v2\/types\/page"}],"author":[{"embeddable":true,"href":"http:\/\/przedszkole.nowogrodbobrz.pl\/index.php?rest_route=\/wp\/v2\/users\/1"}],"replies":[{"embeddable":true,"href":"http:\/\/przedszkole.nowogrodbobrz.pl\/index.php?rest_route=%2Fwp%2Fv2%2Fcomments&post=265"}],"version-history":[{"count":4,"href":"http:\/\/przedszkole.nowogrodbobrz.pl\/index.php?rest_route=\/wp\/v2\/pages\/265\/revisions"}],"predecessor-version":[{"id":269,"href":"http:\/\/przedszkole.nowogrodbobrz.pl\/index.php?rest_route=\/wp\/v2\/pages\/265\/revisions\/269"}],"wp:attachment":[{"href":"http:\/\/przedszkole.nowogrodbobrz.pl\/index.php?rest_route=%2Fwp%2Fv2%2Fmedia&parent=265"}],"curies":[{"name":"wp","href":"https:\/\/api.w.org\/{rel}","templated":true}]}}